[INFO] cloning repository https://github.com/fireyang/rs_shader
[INFO] running `Command { std: "git" "-c" "credential.helper=" "-c" "credential.helper=/workspace/cargo-home/bin/git-credential-null" "clone" "--bare" "https://github.com/fireyang/rs_shader" "/workspace/cache/git-repos/https%3A%2F%2Fgithub.com%2Ffireyang%2Frs_shader", kill_on_drop: false }`
[INFO] [stderr] Cloning into bare repository '/workspace/cache/git-repos/https%3A%2F%2Fgithub.com%2Ffireyang%2Frs_shader'...
[INFO] running `Command { std: "git" "rev-parse" "HEAD", kill_on_drop: false }`
[INFO] [stdout] b9cf07975a83d38bb48543cc02768ae83df40a9f
[INFO] checking fireyang/rs_shader against master#af3c6e733a40e671550e0f0f5aeecaa13772ba56 for pr-74989
[INFO] running `Command { std: "git" "clone" "/workspace/cache/git-repos/https%3A%2F%2Fgithub.com%2Ffireyang%2Frs_shader" "/workspace/builds/worker-0/source", kill_on_drop: false }`
[INFO] [stderr] Cloning into '/workspace/builds/worker-0/source'...
[INFO] [stderr] done.
[INFO] validating manifest of git repo https://github.com/fireyang/rs_shader on toolchain af3c6e733a40e671550e0f0f5aeecaa13772ba56
[INFO] running `Command { std: "/workspace/cargo-home/bin/cargo" "+af3c6e733a40e671550e0f0f5aeecaa13772ba56" "read-manifest" "--manifest-path" "Cargo.toml", kill_on_drop: false }`
[INFO] started tweaking git repo https://github.com/fireyang/rs_shader
[INFO] removed path dependency imgui from git repo https://github.com/fireyang/rs_shader
[INFO] removed path dependency imgui-glium-renderer from git repo https://github.com/fireyang/rs_shader
[INFO] finished tweaking git repo https://github.com/fireyang/rs_shader
[INFO] tweaked toml for git repo https://github.com/fireyang/rs_shader written to /workspace/builds/worker-0/source/Cargo.toml
[INFO] crate git repo https://github.com/fireyang/rs_shader already has a lockfile, it will not be regenerated
[INFO] running `Command { std: "/workspace/cargo-home/bin/cargo" "+af3c6e733a40e671550e0f0f5aeecaa13772ba56" "fetch" "--locked" "--manifest-path" "Cargo.toml", kill_on_drop: false }`
[INFO] [stderr]     Blocking waiting for file lock on package cache
[INFO] [stderr]     Updating crates.io index
[INFO] [stderr] error: the lock file /workspace/builds/worker-0/source/Cargo.lock needs to be updated but --locked was passed to prevent this
[INFO] [stderr] If you want to try to generate the lock file without accessing the network, use the --offline flag.
[INFO] the lockfile is outdated, regenerating it
[INFO] running `Command { std: "/workspace/cargo-home/bin/cargo" "+af3c6e733a40e671550e0f0f5aeecaa13772ba56" "generate-lockfile" "--manifest-path" "Cargo.toml" "-Zno-index-update", kill_on_drop: false }`
[INFO] [stderr]     Blocking waiting for file lock on package cache
[INFO] running `Command { std: "/workspace/cargo-home/bin/cargo" "+af3c6e733a40e671550e0f0f5aeecaa13772ba56" "fetch" "--locked" "--manifest-path" "Cargo.toml", kill_on_drop: false }`
[INFO] [stderr]     Blocking waiting for file lock on package cache
[INFO] running `Command { std: "docker" "create" "-v" "/var/lib/crater-agent-workspace/builds/worker-0/target:/opt/rustwide/target:rw,Z" "-v" "/var/lib/crater-agent-workspace/builds/worker-0/source:/opt/rustwide/workdir:ro,Z" "-v" "/var/lib/crater-agent-workspace/cargo-home:/opt/rustwide/cargo-home:ro,Z" "-v" "/var/lib/crater-agent-workspace/rustup-home:/opt/rustwide/rustup-home:ro,Z" "-e" "SOURCE_DIR=/opt/rustwide/workdir" "-e" "CARGO_TARGET_DIR=/opt/rustwide/target" "-e" "CARGO_HOME=/opt/rustwide/cargo-home" "-e" "RUSTUP_HOME=/opt/rustwide/rustup-home" "-w" "/opt/rustwide/workdir" "-m" "1610612736" "--user" "0:0" "--network" "none" "rustops/crates-build-env@sha256:d92eaeed33fa75130ca1ee6c8a01d1ffb62bac859dfdfb3450e3e5d1c0146529" "/opt/rustwide/cargo-home/bin/cargo" "+af3c6e733a40e671550e0f0f5aeecaa13772ba56" "metadata" "--no-deps" "--format-version=1", kill_on_drop: false }`
[INFO] [stdout] e3e86e833903b4976e0af5d01d071dd428cec36d2d464b80846cf26cbedcbae5
[INFO] [stderr] WARNING: Your kernel does not support swap limit capabilities or the cgroup is not mounted. Memory limited without swap.
[INFO] running `Command { std: "docker" "start" "-a" "e3e86e833903b4976e0af5d01d071dd428cec36d2d464b80846cf26cbedcbae5", kill_on_drop: false }`
[INFO] running `Command { std: "docker" "inspect" "e3e86e833903b4976e0af5d01d071dd428cec36d2d464b80846cf26cbedcbae5", kill_on_drop: false }`
[INFO] running `Command { std: "docker" "rm" "-f" "e3e86e833903b4976e0af5d01d071dd428cec36d2d464b80846cf26cbedcbae5", kill_on_drop: false }`
[INFO] [stdout] e3e86e833903b4976e0af5d01d071dd428cec36d2d464b80846cf26cbedcbae5
[INFO] running `Command { std: "docker" "create" "-v" "/var/lib/crater-agent-workspace/builds/worker-0/target:/opt/rustwide/target:rw,Z" "-v" "/var/lib/crater-agent-workspace/builds/worker-0/source:/opt/rustwide/workdir:ro,Z" "-v" "/var/lib/crater-agent-workspace/cargo-home:/opt/rustwide/cargo-home:ro,Z" "-v" "/var/lib/crater-agent-workspace/rustup-home:/opt/rustwide/rustup-home:ro,Z" "-e" "SOURCE_DIR=/opt/rustwide/workdir" "-e" "CARGO_TARGET_DIR=/opt/rustwide/target" "-e" "CARGO_INCREMENTAL=0" "-e" "RUST_BACKTRACE=full" "-e" "RUSTFLAGS=--cap-lints=forbid" "-e" "CARGO_HOME=/opt/rustwide/cargo-home" "-e" "RUSTUP_HOME=/opt/rustwide/rustup-home" "-w" "/opt/rustwide/workdir" "-m" "1610612736" "--user" "0:0" "--network" "none" "rustops/crates-build-env@sha256:d92eaeed33fa75130ca1ee6c8a01d1ffb62bac859dfdfb3450e3e5d1c0146529" "/opt/rustwide/cargo-home/bin/cargo" "+af3c6e733a40e671550e0f0f5aeecaa13772ba56" "check" "--frozen" "--all" "--all-targets" "--message-format=json", kill_on_drop: false }`
[INFO] [stderr] WARNING: Your kernel does not support swap limit capabilities or the cgroup is not mounted. Memory limited without swap.
[INFO] [stdout] 887bbae62ec85a37bc405200089bce6b080216aa5cd1e3c573a68d6bc005c05e
[INFO] running `Command { std: "docker" "start" "-a" "887bbae62ec85a37bc405200089bce6b080216aa5cd1e3c573a68d6bc005c05e", kill_on_drop: false }`
[INFO] [stderr]    Compiling autocfg v1.0.1
[INFO] [stderr]    Compiling libc v0.2.77
[INFO] [stderr]    Compiling siphasher v0.2.3
[INFO] [stderr]    Compiling khronos_api v2.2.0
[INFO] [stderr]    Compiling itoa v0.3.4
[INFO] [stderr]    Compiling bitflags v0.9.1
[INFO] [stderr]    Compiling maybe-uninit v2.0.0
[INFO] [stderr]    Compiling byteorder v1.3.4
[INFO] [stderr]     Checking adler v0.2.3
[INFO] [stderr]     Checking gimli v0.22.0
[INFO] [stderr]     Checking winapi v0.2.8
[INFO] [stderr]     Checking object v0.20.0
[INFO] [stderr]     Checking rustc-demangle v0.1.16
[INFO] [stderr]     Checking scopeguard v1.1.0
[INFO] [stderr]    Compiling rayon-core v1.8.0
[INFO] [stderr]     Checking smallvec v0.4.5
[INFO] [stderr]     Checking adler32 v1.2.0
[INFO] [stderr]     Checking either v1.6.0
[INFO] [stderr]     Checking color_quant v1.0.1
[INFO] [stderr]     Checking lzw v0.10.0
[INFO] [stderr]     Checking scoped_threadpool v0.1.9
[INFO] [stderr]    Compiling rand_pcg v0.1.2
[INFO] [stderr]    Compiling rand_chacha v0.1.1
[INFO] [stderr]    Compiling rand v0.6.5
[INFO] [stderr]    Compiling x11-dl v2.18.5
[INFO] [stderr]    Compiling imgui-sys v0.0.18
[INFO] [stderr]    Compiling xml-rs v0.6.1
[INFO] [stderr]    Compiling phf_shared v0.7.24
[INFO] [stderr]     Checking inflate v0.3.4
[INFO] [stderr]    Compiling bitflags v1.2.1
[INFO] [stderr]    Compiling log v0.4.11
[INFO] [stderr]    Compiling kernel32-sys v0.2.2
[INFO] [stderr]     Checking gif v0.9.2
[INFO] [stderr]    Compiling phf v0.7.24
[INFO] [stderr]    Compiling xml-rs v0.7.0
[INFO] [stderr]    Compiling log v0.3.9
[INFO] [stderr]    Compiling num-traits v0.2.12
[INFO] [stderr]    Compiling crossbeam-utils v0.7.2
[INFO] [stderr]    Compiling miniz_oxide v0.4.2
[INFO] [stderr]    Compiling memoffset v0.5.5
[INFO] [stderr]    Compiling crossbeam-epoch v0.8.2
[INFO] [stderr]    Compiling num-integer v0.1.43
[INFO] [stderr]    Compiling num-iter v0.1.41
[INFO] [stderr]    Compiling rayon v1.4.0
[INFO] [stderr]     Checking deflate v0.7.20
[INFO] [stderr]    Compiling wayland-scanner v0.9.10
[INFO] [stderr]     Checking rand v0.4.6
[INFO] [stderr]     Checking fs2 v0.2.5
[INFO] [stderr]     Checking num_cpus v1.13.0
[INFO] [stderr]     Checking shared_library v0.1.9
[INFO] [stderr]    Compiling gl_generator v0.7.0
[INFO] [stderr]    Compiling gl_generator v0.6.1
[INFO] [stderr]     Checking memmap v0.4.0
[INFO] [stderr]    Compiling rand_os v0.1.3
[INFO] [stderr]     Checking osmesa-sys v0.1.2
[INFO] [stderr]     Checking crossbeam-channel v0.4.4
[INFO] [stderr]     Checking rand v0.3.23
[INFO] [stderr]     Checking num-traits v0.1.43
[INFO] [stderr]     Checking tempfile v2.2.0
[INFO] [stderr]     Checking crossbeam-deque v0.7.3
[INFO] [stderr]     Checking enum_primitive v0.1.1
[INFO] [stderr]    Compiling serde_json v0.9.10
[INFO] [stderr]     Checking num-rational v0.1.42
[INFO] [stderr]    Compiling wayland-client v0.9.10
[INFO] [stderr]    Compiling wayland-protocols v0.9.10
[INFO] [stderr]     Checking png v0.11.0
[INFO] [stderr]    Compiling glutin v0.10.1
[INFO] [stderr]    Compiling glium v0.18.1
[INFO] [stderr]    Compiling glium v0.19.0
[INFO] [stderr]     Checking addr2line v0.13.0
[INFO] [stderr]    Compiling phf_generator v0.7.24
[INFO] [stderr]     Checking backtrace v0.3.50
[INFO] [stderr]    Compiling phf_codegen v0.7.24
[INFO] [stderr]    Compiling target_build_utils v0.3.1
[INFO] [stderr]     Checking jpeg-decoder v0.1.20
[INFO] [stderr]     Checking image v0.17.0
[INFO] [stderr]    Compiling libloading v0.3.4
[INFO] [stderr]     Checking dlib v0.3.1
[INFO] [stderr]     Checking wayland-sys v0.9.10
[INFO] [stderr]     Checking wayland-kbd v0.9.1
[INFO] [stderr]     Checking wayland-window v0.8.0
[INFO] [stderr]     Checking winit v0.8.3
[INFO] [stderr]     Checking imgui v0.0.18
[INFO] [stderr]     Checking imgui-glium-renderer v0.0.18
[INFO] [stderr]     Checking rs_shader v0.1.0 (/opt/rustwide/workdir)
[INFO] [stdout] warning: unused `#[macro_use]` import
[INFO] [stdout]  --> src/main.rs:4:1
[INFO] [stdout]   |
[INFO] [stdout] 4 | #[macro_use]
[INFO] [stdout]   | ^^^^^^^^^^^^
[INFO] [stdout]   |
[INFO] [stdout]   = note: `#[warn(unused_imports)]` on by default
[INFO] [stdout] 
[INFO] [stdout] 
[INFO] [stdout] warning: unused import: `ImGui`
[INFO] [stdout]  --> src/ui.rs:2:13
[INFO] [stdout]   |
[INFO] [stdout] 2 | use imgui::{ImGui, Ui};
[INFO] [stdout]   |             ^^^^^
[INFO] [stdout] 
[INFO] [stdout] 
[INFO] [stdout] warning: unused import: `imgui_glium_renderer::Renderer`
[INFO] [stdout]  --> src/ui.rs:3:5
[INFO] [stdout]   |
[INFO] [stdout] 3 | use imgui_glium_renderer::Renderer;
[INFO] [stdout]   |     ^^^^^^^^^^^^^^^^^^^^^^^^^^^^^^
[INFO] [stdout] 
[INFO] [stdout] 
[INFO] [stdout] warning: unused import: `Ui`
[INFO] [stdout]   --> src/main.rs:17:20
[INFO] [stdout]    |
[INFO] [stdout] 17 | use imgui::{ImGui, Ui};
[INFO] [stdout]    |                    ^^
[INFO] [stdout] 
[INFO] [stdout] 
[INFO] [stdout] warning: unused import: `Event`
[INFO] [stdout]    --> src/main.rs:168:37
[INFO] [stdout]     |
[INFO] [stdout] 168 |                 use glium::glutin::{Event, MouseButton, MouseScrollDelta, TouchPhase};
[INFO] [stdout]     |                                     ^^^^^
[INFO] [stdout] 
[INFO] [stdout] 
[INFO] [stdout] warning: unused `#[macro_use]` import
[INFO] [stdout]  --> src/main.rs:4:1
[INFO] [stdout]   |
[INFO] [stdout] 4 | #[macro_use]
[INFO] [stdout]   | ^^^^^^^^^^^^
[INFO] [stdout]   |
[INFO] [stdout]   = note: `#[warn(unused_imports)]` on by default
[INFO] [stdout] 
[INFO] [stdout] 
[INFO] [stdout] warning: unused import: `ImGui`
[INFO] [stdout]  --> src/ui.rs:2:13
[INFO] [stdout]   |
[INFO] [stdout] 2 | use imgui::{ImGui, Ui};
[INFO] [stdout]   |             ^^^^^
[INFO] [stdout] 
[INFO] [stdout] 
[INFO] [stdout] warning: unused import: `imgui_glium_renderer::Renderer`
[INFO] [stdout]  --> src/ui.rs:3:5
[INFO] [stdout]   |
[INFO] [stdout] 3 | use imgui_glium_renderer::Renderer;
[INFO] [stdout]   |     ^^^^^^^^^^^^^^^^^^^^^^^^^^^^^^
[INFO] [stdout] 
[INFO] [stdout] 
[INFO] [stdout] warning: unused import: `Ui`
[INFO] [stdout]   --> src/main.rs:17:20
[INFO] [stdout]    |
[INFO] [stdout] 17 | use imgui::{ImGui, Ui};
[INFO] [stdout]    |                    ^^
[INFO] [stdout] 
[INFO] [stdout] 
[INFO] [stdout] warning: unused import: `Event`
[INFO] [stdout]    --> src/main.rs:168:37
[INFO] [stdout]     |
[INFO] [stdout] 168 |                 use glium::glutin::{Event, MouseButton, MouseScrollDelta, TouchPhase};
[INFO] [stdout]     |                                     ^^^^^
[INFO] [stdout] 
[INFO] [stdout] 
[INFO] [stdout] warning: use of deprecated function `std::mem::uninitialized`: use `mem::MaybeUninit` instead
[INFO] [stdout]   --> src/main.rs:24:1
[INFO] [stdout]    |
[INFO] [stdout] 24 | implement_vertex!(Vertex, position);
[INFO] [stdout]    | ^^^^^^^^^^^^^^^^^^^^^^^^^^^^^^^^^^^^
[INFO] [stdout]    |
[INFO] [stdout]    = note: `#[warn(deprecated)]` on by default
[INFO] [stdout]    = note: this warning originates in a macro (in Nightly builds, run with -Z macro-backtrace for more info)
[INFO] [stdout] 
[INFO] [stdout] 
[INFO] [stdout] warning: use of deprecated function `std::mem::uninitialized`: use `mem::MaybeUninit` instead
[INFO] [stdout]   --> src/main.rs:24:1
[INFO] [stdout]    |
[INFO] [stdout] 24 | implement_vertex!(Vertex, position);
[INFO] [stdout]    | ^^^^^^^^^^^^^^^^^^^^^^^^^^^^^^^^^^^^
[INFO] [stdout]    |
[INFO] [stdout]    = note: `#[warn(deprecated)]` on by default
[INFO] [stdout]    = note: this warning originates in a macro (in Nightly builds, run with -Z macro-backtrace for more info)
[INFO] [stdout] 
[INFO] [stdout] 
[INFO] [stdout] error[E0277]: the trait bound `glium::Display: glium::backend::Facade` is not satisfied
[INFO] [stdout]    --> src/main.rs:123:51
[INFO] [stdout]     |
[INFO] [stdout] 123 |     let mut renderer = Renderer::init(&mut imgui, &display).expect("Failed to initialize renderer");
[INFO] [stdout]     |                                                   ^^^^^^^^ the trait `glium::backend::Facade` is not implemented for `glium::Display`
[INFO] [stdout]     | 
[INFO] [stdout]    ::: /opt/rustwide/cargo-home/registry/src/github.com-1ecc6299db9ec823/imgui-glium-renderer-0.0.18/src/lib.rs:66:20
[INFO] [stdout]     |
[INFO] [stdout] 66  |     pub fn init<F: Facade>(imgui: &mut ImGui, ctx: &F) -> RendererResult<Renderer> {
[INFO] [stdout]     |                    ------ required by this bound in `Renderer::init`
[INFO] [stdout] 
[INFO] [stdout] 
[INFO] [stdout] error[E0277]: the trait bound `glium::Frame: glium::Surface` is not satisfied
[INFO] [stdout]    --> src/main.rs:246:25
[INFO] [stdout]     |
[INFO] [stdout] 246 |         renderer.render(&mut target, ui).expect("Rendering failed");
[INFO] [stdout]     |                         ^^^^^^^^^^^ the trait `glium::Surface` is not implemented for `glium::Frame`
[INFO] [stdout] 
[INFO] [stdout] 
[INFO] [stdout] error[E0277]: the trait bound `glium::Display: glium::backend::Facade` is not satisfied
[INFO] [stdout]    --> src/main.rs:123:51
[INFO] [stdout]     |
[INFO] [stdout] 123 |     let mut renderer = Renderer::init(&mut imgui, &display).expect("Failed to initialize renderer");
[INFO] [stdout]     |                                                   ^^^^^^^^ the trait `glium::backend::Facade` is not implemented for `glium::Display`
[INFO] [stdout]     | 
[INFO] [stdout]    ::: /opt/rustwide/cargo-home/registry/src/github.com-1ecc6299db9ec823/imgui-glium-renderer-0.0.18/src/lib.rs:66:20
[INFO] [stdout]     |
[INFO] [stdout] 66  |     pub fn init<F: Facade>(imgui: &mut ImGui, ctx: &F) -> RendererResult<Renderer> {
[INFO] [stdout]     |                    ------ required by this bound in `Renderer::init`
[INFO] [stdout] 
[INFO] [stdout] 
[INFO] [stdout] error[E0277]: the trait bound `glium::Frame: glium::Surface` is not satisfied
[INFO] [stdout]    --> src/main.rs:246:25
[INFO] [stdout]     |
[INFO] [stdout] 246 |         renderer.render(&mut target, ui).expect("Rendering failed");
[INFO] [stdout]     |                         ^^^^^^^^^^^ the trait `glium::Surface` is not implemented for `glium::Frame`
[INFO] [stdout] 
[INFO] [stdout] 
[INFO] [stdout] error: aborting due to 2 previous errors; 6 warnings emitted
[INFO] [stdout] 
[INFO] [stdout] 
[INFO] [stdout] For more information about this error, try `rustc --explain E0277`.
[INFO] [stdout] 
[INFO] [stderr] error: could not compile `rs_shader`.
[INFO] [stderr] 
[INFO] [stderr] To learn more, run the command again with --verbose.
[INFO] [stderr] warning: build failed, waiting for other jobs to finish...
[INFO] [stdout] error: aborting due to 2 previous errors; 6 warnings emitted
[INFO] [stdout] 
[INFO] [stdout] 
[INFO] [stdout] For more information about this error, try `rustc --explain E0277`.
[INFO] [stdout] 
[INFO] [stderr] error: build failed
[INFO] running `Command { std: "docker" "inspect" "887bbae62ec85a37bc405200089bce6b080216aa5cd1e3c573a68d6bc005c05e", kill_on_drop: false }`
[INFO] running `Command { std: "docker" "rm" "-f" "887bbae62ec85a37bc405200089bce6b080216aa5cd1e3c573a68d6bc005c05e", kill_on_drop: false }`
[INFO] [stdout] 887bbae62ec85a37bc405200089bce6b080216aa5cd1e3c573a68d6bc005c05e
